{"version":"1.0","provider_name":"Dementsuse Kompetentsikeskus","provider_url":"https:\/\/dementsus.ee\/en\/","title":"Dementsusega inimest toetav keskkond tuleb viia tasemele nagu seda on f\u00fc\u00fcsilisi puudeid arvestav keskkond \u00a0 - Dementsuse Kompetentsikeskus","type":"rich","width":600,"height":338,"html":"<blockquote class=\"wp-embedded-content\" data-secret=\"aX4RcHYCwk\"><a href=\"https:\/\/dementsus.ee\/en\/adi_aruanne_2020\/\">Dementsusega inimest toetav keskkond tuleb viia tasemele nagu seda on f\u00fc\u00fcsilisi puudeid arvestav keskkond \u00a0<\/a><\/blockquote><iframe sandbox=\"allow-scripts\" security=\"restricted\" src=\"https:\/\/dementsus.ee\/en\/adi_aruanne_2020\/embed\/#?secret=aX4RcHYCwk\" width=\"600\" height=\"338\" title=\"&#8220;Dementsusega inimest toetav keskkond tuleb viia tasemele nagu seda on f\u00fc\u00fcsilisi puudeid arvestav keskkond \u00a0&#8221; &#8212; Dementsuse Kompetentsikeskus\" data-secret=\"aX4RcHYCwk\" frameborder=\"0\" marginwidth=\"0\" marginheight=\"0\" scrolling=\"no\" class=\"wp-embedded-content\"><\/iframe><script>\n\/*! This file is auto-generated *\/\n!function(d,l){\"use strict\";l.querySelector&&d.addEventListener&&\"undefined\"!=typeof URL&&(d.wp=d.wp||{},d.wp.receiveEmbedMessage||(d.wp.receiveEmbedMessage=function(e){var t=e.data;if((t||t.secret||t.message||t.value)&&!\/[^a-zA-Z0-9]\/.test(t.secret)){for(var s,r,n,a=l.querySelectorAll('iframe[data-secret=\"'+t.secret+'\"]'),o=l.querySelectorAll('blockquote[data-secret=\"'+t.secret+'\"]'),c=new RegExp(\"^https?:$\",\"i\"),i=0;i<o.length;i++)o[i].style.display=\"none\";for(i=0;i<a.length;i++)s=a[i],e.source===s.contentWindow&&(s.removeAttribute(\"style\"),\"height\"===t.message?(1e3<(r=parseInt(t.value,10))?r=1e3:~~r<200&&(r=200),s.height=r):\"link\"===t.message&&(r=new URL(s.getAttribute(\"src\")),n=new URL(t.value),c.test(n.protocol))&&n.host===r.host&&l.activeElement===s&&(d.top.location.href=t.value))}},d.addEventListener(\"message\",d.wp.receiveEmbedMessage,!1),l.addEventListener(\"DOMContentLoaded\",function(){for(var e,t,s=l.querySelectorAll(\"iframe.wp-embedded-content\"),r=0;r<s.length;r++)(t=(e=s[r]).getAttribute(\"data-secret\"))||(t=Math.random().toString(36).substring(2,12),e.src+=\"#?secret=\"+t,e.setAttribute(\"data-secret\",t)),e.contentWindow.postMessage({message:\"ready\",secret:t},\"*\")},!1)))}(window,document);\n\/\/# sourceURL=https:\/\/dementsus.ee\/wp-includes\/js\/wp-embed.min.js\n<\/script>\n","description":"Palju enam on riikidel vaja keskkondade kujundamisel arvesse v\u00f5tta dementsusega inimeste vajadusi, \u00f6eldi t\u00e4na, rahvusvahelisel Alzheimeri p\u00e4eval Alzheimer\u00b4s Disease Internationali (edaspidi ADI) pressikonverentsil, mis tutvustas ADI 2020. aasta aruannet \u201eDisain, v\u00e4\u00e4rikus, dementsus; dementsust arvestav disain ja keskkond.\u201c \u00a0Riike kutsutakse \u00fcles tunnustama dementsust kui puuet ning lisama keskkondade kohandamise teema riiklikesse dementsuse arengukavadesse. Kohandatud keskkond kodus, [&hellip;]"}

Dementsusega inimest toetav keskkond tuleb viia tasemele nagu seda on füüsilisi puudeid arvestav keskkond   - Dementsuse Kompetentsikeskus

<blockquote class="wp-embedded-content" data-secret="aX4RcHYCwk"><a href="https://dementsus.ee/en/adi_aruanne_2020/">Dementsusega inimest toetav keskkond tuleb viia tasemele nagu seda on füüsilisi puudeid arvestav keskkond  </a></blockquote><iframe sandbox="allow-scripts" security="restricted" src="https://dementsus.ee/en/adi_aruanne_2020/embed/#?secret=aX4RcHYCwk" width="600" height="338" title="&#8220;Dementsusega inimest toetav keskkond tuleb viia tasemele nagu seda on füüsilisi puudeid arvestav keskkond  &#8221; &#8212; Dementsuse Kompetentsikeskus" data-secret="aX4RcHYCwk" frameborder="0" marginwidth="0" marginheight="0" scrolling="no" class="wp-embedded-content"></iframe><script>
/*! This file is auto-generated */
!function(d,l){"use strict";l.querySelector&&d.addEventListener&&"undefined"!=typeof URL&&(d.wp=d.wp||{},d.wp.receiveEmbedMessage||(d.wp.receiveEmbedMessage=function(e){var t=e.data;if((t||t.secret||t.message||t.value)&&!/[^a-zA-Z0-9]/.test(t.secret)){for(var s,r,n,a=l.querySelectorAll('iframe[data-secret="'+t.secret+'"]'),o=l.querySelectorAll('blockquote[data-secret="'+t.secret+'"]'),c=new RegExp("^https?:$","i"),i=0;i<o.length;i++)o[i].style.display="none";for(i=0;i<a.length;i++)s=a[i],e.source===s.contentWindow&&(s.removeAttribute("style"),"height"===t.message?(1e3<(r=parseInt(t.value,10))?r=1e3:~~r<200&&(r=200),s.height=r):"link"===t.message&&(r=new URL(s.getAttribute("src")),n=new URL(t.value),c.test(n.protocol))&&n.host===r.host&&l.activeElement===s&&(d.top.location.href=t.value))}},d.addEventListener("message",d.wp.receiveEmbedMessage,!1),l.addEventListener("DOMContentLoaded",function(){for(var e,t,s=l.querySelectorAll("iframe.wp-embedded-content"),r=0;r<s.length;r++)(t=(e=s[r]).getAttribute("data-secret"))||(t=Math.random().toString(36).substring(2,12),e.src+="#?secret="+t,e.setAttribute("data-secret",t)),e.contentWindow.postMessage({message:"ready",secret:t},"*")},!1)))}(window,document);
//# sourceURL=https://dementsus.ee/wp-includes/js/wp-embed.min.js
</script>

Palju enam on riikidel vaja keskkondade kujundamisel arvesse võtta dementsusega inimeste vajadusi, öeldi täna, rahvusvahelisel Alzheimeri päeval Alzheimer´s Disease Internationali (edaspidi ADI) pressikonverentsil, mis tutvustas ADI 2020. aasta aruannet „Disain, väärikus, dementsus; dementsust arvestav disain ja keskkond.“  Riike kutsutakse üles tunnustama dementsust kui puuet ning lisama keskkondade kohandamise teema riiklikesse dementsuse arengukavadesse. Kohandatud keskkond kodus, [&hellip;]
