{"version":"1.0","provider_name":"Dementsuse Kompetentsikeskus","provider_url":"https:\/\/dementsus.ee\/en\/","title":"Kosel avati uus dementsusega inimeste l\u00e4hedaste tugigrupp - Dementsuse Kompetentsikeskus","type":"rich","width":600,"height":338,"html":"<blockquote class=\"wp-embedded-content\" data-secret=\"Ts7KCFKkr5\"><a href=\"https:\/\/dementsus.ee\/en\/kosel-avati-uus-dementsusega-inimeste-lahedaste-tugigrupp\/\">Kosel avati uus dementsusega inimeste l\u00e4hedaste tugigrupp<\/a><\/blockquote><iframe sandbox=\"allow-scripts\" security=\"restricted\" src=\"https:\/\/dementsus.ee\/en\/kosel-avati-uus-dementsusega-inimeste-lahedaste-tugigrupp\/embed\/#?secret=Ts7KCFKkr5\" width=\"600\" height=\"338\" title=\"&#8220;Kosel avati uus dementsusega inimeste l\u00e4hedaste tugigrupp&#8221; &#8212; Dementsuse Kompetentsikeskus\" data-secret=\"Ts7KCFKkr5\" frameborder=\"0\" marginwidth=\"0\" marginheight=\"0\" scrolling=\"no\" class=\"wp-embedded-content\"><\/iframe><script>\n\/*! This file is auto-generated *\/\n!function(d,l){\"use strict\";l.querySelector&&d.addEventListener&&\"undefined\"!=typeof URL&&(d.wp=d.wp||{},d.wp.receiveEmbedMessage||(d.wp.receiveEmbedMessage=function(e){var t=e.data;if((t||t.secret||t.message||t.value)&&!\/[^a-zA-Z0-9]\/.test(t.secret)){for(var s,r,n,a=l.querySelectorAll('iframe[data-secret=\"'+t.secret+'\"]'),o=l.querySelectorAll('blockquote[data-secret=\"'+t.secret+'\"]'),c=new RegExp(\"^https?:$\",\"i\"),i=0;i<o.length;i++)o[i].style.display=\"none\";for(i=0;i<a.length;i++)s=a[i],e.source===s.contentWindow&&(s.removeAttribute(\"style\"),\"height\"===t.message?(1e3<(r=parseInt(t.value,10))?r=1e3:~~r<200&&(r=200),s.height=r):\"link\"===t.message&&(r=new URL(s.getAttribute(\"src\")),n=new URL(t.value),c.test(n.protocol))&&n.host===r.host&&l.activeElement===s&&(d.top.location.href=t.value))}},d.addEventListener(\"message\",d.wp.receiveEmbedMessage,!1),l.addEventListener(\"DOMContentLoaded\",function(){for(var e,t,s=l.querySelectorAll(\"iframe.wp-embedded-content\"),r=0;r<s.length;r++)(t=(e=s[r]).getAttribute(\"data-secret\"))||(t=Math.random().toString(36).substring(2,12),e.src+=\"#?secret=\"+t,e.setAttribute(\"data-secret\",t)),e.contentWindow.postMessage({message:\"ready\",secret:t},\"*\")},!1)))}(window,document);\n\/\/# sourceURL=https:\/\/dementsus.ee\/wp-includes\/js\/wp-embed.min.js\n<\/script>\n","thumbnail_url":"https:\/\/dementsus.ee\/wp-content\/uploads\/2025\/02\/kose2.jpg","thumbnail_width":1285,"thumbnail_height":572,"description":"30. jaanuaril avati Kosel uus dementsusega inimeste l\u00e4hedaste tugigrupp. Dementsuse Kompetentsikeskuse tugiv\u00f5rgustikku kuulub n\u00fc\u00fcd kokku 28 kohapealset ja 3 virtuaalset tugigruppi, mis pakuvad turvalist ja toetavat keskkonda l\u00e4hedastele. Need tugigrupid annavad v\u00f5imaluse jagada kogemusi, saada m\u00f5istmist ning leida praktilisi lahendusi igap\u00e4evastele v\u00e4ljakutsetele. Tugigrupi kohtumised on konfidentsiaalsed ning osalemine tasuta. Kose tugigruppi hakkavad juhtima Merike Pihla [&hellip;]"}

Kosel avati uus dementsusega inimeste lähedaste tugigrupp - Dementsuse Kompetentsikeskus

<blockquote class="wp-embedded-content" data-secret="Ts7KCFKkr5"><a href="https://dementsus.ee/en/kosel-avati-uus-dementsusega-inimeste-lahedaste-tugigrupp/">Kosel avati uus dementsusega inimeste lähedaste tugigrupp</a></blockquote><iframe sandbox="allow-scripts" security="restricted" src="https://dementsus.ee/en/kosel-avati-uus-dementsusega-inimeste-lahedaste-tugigrupp/embed/#?secret=Ts7KCFKkr5" width="600" height="338" title="&#8220;Kosel avati uus dementsusega inimeste lähedaste tugigrupp&#8221; &#8212; Dementsuse Kompetentsikeskus" data-secret="Ts7KCFKkr5" frameborder="0" marginwidth="0" marginheight="0" scrolling="no" class="wp-embedded-content"></iframe><script>
/*! This file is auto-generated */
!function(d,l){"use strict";l.querySelector&&d.addEventListener&&"undefined"!=typeof URL&&(d.wp=d.wp||{},d.wp.receiveEmbedMessage||(d.wp.receiveEmbedMessage=function(e){var t=e.data;if((t||t.secret||t.message||t.value)&&!/[^a-zA-Z0-9]/.test(t.secret)){for(var s,r,n,a=l.querySelectorAll('iframe[data-secret="'+t.secret+'"]'),o=l.querySelectorAll('blockquote[data-secret="'+t.secret+'"]'),c=new RegExp("^https?:$","i"),i=0;i<o.length;i++)o[i].style.display="none";for(i=0;i<a.length;i++)s=a[i],e.source===s.contentWindow&&(s.removeAttribute("style"),"height"===t.message?(1e3<(r=parseInt(t.value,10))?r=1e3:~~r<200&&(r=200),s.height=r):"link"===t.message&&(r=new URL(s.getAttribute("src")),n=new URL(t.value),c.test(n.protocol))&&n.host===r.host&&l.activeElement===s&&(d.top.location.href=t.value))}},d.addEventListener("message",d.wp.receiveEmbedMessage,!1),l.addEventListener("DOMContentLoaded",function(){for(var e,t,s=l.querySelectorAll("iframe.wp-embedded-content"),r=0;r<s.length;r++)(t=(e=s[r]).getAttribute("data-secret"))||(t=Math.random().toString(36).substring(2,12),e.src+="#?secret="+t,e.setAttribute("data-secret",t)),e.contentWindow.postMessage({message:"ready",secret:t},"*")},!1)))}(window,document);
//# sourceURL=https://dementsus.ee/wp-includes/js/wp-embed.min.js
</script>

30. jaanuaril avati Kosel uus dementsusega inimeste lähedaste tugigrupp. Dementsuse Kompetentsikeskuse tugivõrgustikku kuulub nüüd kokku 28 kohapealset ja 3 virtuaalset tugigruppi, mis pakuvad turvalist ja toetavat keskkonda lähedastele. Need tugigrupid annavad võimaluse jagada kogemusi, saada mõistmist ning leida praktilisi lahendusi igapäevastele väljakutsetele. Tugigrupi kohtumised on konfidentsiaalsed ning osalemine tasuta. Kose tugigruppi hakkavad juhtima Merike Pihla [&hellip;]
